-1). Suppose -9*s + c*s = -33. What is the tens digit of 4/(-6) + 418/s?
1
Let h be (-4)/(-12) + (4328/6)/(-1). Let o = -506 - h. What is the tens digit of o?
1
Suppose -3*x - 2187 = -5*m, -m + 2*m + 5*x - 443 = 0. What is the hundreds digit of m?
4
Let y = 671 + -49. What is the units digit of y?
2
Suppose 0 = -23*a + 5*a + 18810. What is the hundreds digit of a?
0
Suppose -1 = g - 3. Suppose -g*b + 1 = -3. Suppose 3*o - 11 = -b*j, -j - 5*o + 25 = 4*j. What is the units digit of j?
4
Suppose -4*p - 71 = w - 9*p, 326 = -4*w - p. Let k = w - -118. What is the tens digit of k?
3
Suppose 3*n - v - 514 = 0, 3*v = -3*n + 616 - 94. What is the units digit of n?
2
Let n = -31 + 16. Let b = -13 - n. Suppose -3*w + 30 = 3*j, -b*j + 20 = -6*j. What is the units digit of w?
5
Let g(h) = 2*h**2 + 1. Suppose 2*t = -2*t. Let p be 6 - 3 - (-1 - t). What is the tens digit of g(p)?
3
Suppose 0 = 2*l - 14*i + 9*i - 3337, l - 5*i = 1681. What is the tens digit of l?
5
Let u = 79 + 45. What is the hundreds digit of u?
1
Let t = 9 + -4. Suppose 2*l - t*l - 9 = -3*w, 2*w = -2*l + 6. Suppose 0*j = -w*j + 93. What is the units digit of j?
1
Suppose 0 = -2*k + k + 1. Suppose d - k = 2. Suppose 0 = -d*p + 65 + 31. What is the tens digit of p?
3
Suppose 0 = -23*g + 28*g - 21375. What is the thousands digit of g?
4
What is the tens digit of (14/(-6))/(-3*(-10)/(-4590))?
5
Let r(k) = -k**3 + 7*k**2 - 2*k + 10. Let b be r(7). Let v be (2/b)/((-11)/1606). Let i = v - 36. What is the tens digit of i?
3
Suppose -4*s = 3*i - 1094, 5*i + 3*s - 1030 = 808. Suppose -79 = 5*c + 4*q, -2*c - 26 = 5*q + 9. What is the tens digit of i/12 - c/90?
3
Let b(l) = -5 - 6*l**2 - l**2 + 11*l**2 + 4. What is the units digit of b(5)?
9
What is the tens digit of ((-45)/(-2))/(54/324)?
3
Suppose 3*y = 671 + 838. What is the tens digit of y?
0
Let p(j) = j**3 - j**2 - 4. What is the hundreds digit of p(7)?
2
Let p(s) = s**2 + 4*s - 8. Let t be p(-7). Suppose -m - t = -2*m - 5*x, 2*m - 65 = 3*x. What is the units digit of 8/m - 38/(-14)?
3
What is the tens digit of 0 + 11 + -1 + 21?
3
Let i(b) = -b**2 - 8*b - 3. Let r be i(-7). Suppose -14 = -r*g + 6. Suppose -g*o + 128 = -2. What is the tens digit of o?
2
Let r(j) = -6*j**2 - 2*j - 1. Let a be r(-1). Let n(q) = -q + 3*q + 8688 - 8695 + 2*q**2. What is the tens digit of n(a)?
3
Let k(y) = 23*y. Suppose -4*z + 3 = -3*z. Let l(t) = 8*t. Let f(w) = z*k(w) - 8*l(w). What is the tens digit of f(3)?
1
Suppose -5*c + 0*g - 10 = -2*g, -2*c + 2*g = -2. Let m be 1/c*-4*-23. Let v = -7 - m. What is the units digit of v?
6
Suppose 6 = c + 3. Suppose 34 = 5*r - 4*f, -c*r + f + 0 = -19. Let m(u) = -u**3 + 6*u**2 + 1. What is the units digit of m(r)?
1
Suppose 3*x = -k + 1864, -6 = -2*x - x. What is the thousands digit of k?
1
Suppose 7*s + 102 = 4*s. Let p = 75 + s. What is the units digit of p?
1
Let t(s) = 93*s + 690. What is the units digit of t(13)?
9
What is the units digit of 21*(53 + -4) - 0?
9
Let p(h) = h**3 - 2*h**2 + 3*h - 2. Let y be p(2). Suppose -2 = -y*s + 2*v, 3*s - 2 - 5 = -4*v. What is the units digit of s?
1
Suppose 20*p - 48956 = 5064. What is the tens digit of p?
0
Suppose 2*z + 0*z - 6 = 0, 2*s - 7 = z. Let c = 77 - s. What is the units digit of c?
2
Let l = 950 - 195. What is the hundreds digit of l?
7
Let x(r) = -17*r - 6. Let h(n) = -33*n - 11. Let j(l) = -6*h(l) + 11*x(l). Suppose 0*t = a + 2*t - 2, a - t = 8. What is the tens digit of j(a)?
6
Let n(i) = 19*i**2 + 9*i - 16. What is the hundreds digit of n(-6)?
6
Let h = -121 - -179. Suppose 4*s = -5*r + 146, -3*r + s + h + 16 = 0. What is the tens digit of r?
2
Let s(o) = -9 + o**2 + 4*o - 4*o - 7. What is the tens digit of s(10)?
8
Suppose 6*v = 1299 + 645. What is the tens digit of v?
2
Suppose -2*g + 6 = -2. Let o(r) = -3 + 15*r - r**2 - g*r + r. What is the tens digit of o(8)?
2
What is the hundreds digit of -5 + -1 + 242/1?
2
What is the tens digit of 7115/30 - ((-28)/24)/(-7)?
3
Suppose -4524 = -7*f + 4436. What is the units digit of f?
0
Suppose 5*i + 2*m - 4*m = 307, -2*i + 2*m + 124 = 0. Let t = i + -30. What is the tens digit of t?
3
Suppose 6*q = 4*q - p + 3900, -p = 4*q - 7802. What is the tens digit of q?
5
Suppose -2*v + 2*m + 2*m - 314 = 0, 4*m = -16. What is the units digit of (v - 0)/(5 + -2 + -4)?
5
Suppose -11*s + 8000 + 5728 = 0. What is the thousands digit of s?
1
Suppose -3*r - 17 = -2*r - 5*o, 2*r - 10 = -o. Suppose -4*p = -r + 19. Let c(n) = n**2 + 9. What is the tens digit of c(p)?
2
Let m(g) = -17*g - 1. Let z be m(-7). Let t = z + -64. Let v = t - 29. What is the tens digit of v?
2
Let n(z) = z**2 + 15*z + 3. What is the tens digit of n(11)?
8
Let y(a) = 9*a**2 + 5*a - 4. What is the tens digit of y(13)?
8
Let n = 221 + 958. What is the tens digit of n?
7
Let s be 2*(-3 - 28/(-2)). Suppose b = 2*f + 13, -b + 3 = f - s. What is the tens digit of b?
2
Suppose 423 = 3*y - 285. Suppose 0*p = 3*d + 2*p - 226, y = 3*d + 4*p. What is the tens digit of d?
7
Suppose -138 - 108 = 3*m. Let r = m - -115. What is the tens digit of r?
3
Let u(d) = 2*d - 4. Let g be u(4). Suppose -h - 4*h = -2*f + 5, -g*f + 5 = -5*h. Let y = f - -2. What is the units digit of y?
2
Suppose 25 = 2*k + 3*k. Suppose 2*i - 437 = b, 3*i - 443 = i - k*b. What is the tens digit of (2 - i/9)*-3?
6
Suppose 5*k - 2*y - 235 - 38 = 0, 179 = 3*k - 5*y. Let x = 33 + -2. Let h = k - x. What is the units digit of h?
2
Let t(m) be the first derivative of -6*m - 1/4*m**4 + 1 - 14/3*m**3 - 17/2*m**2. What is the tens digit of t(-13)?
4
Let a(r) = -11*r - 2. Let v be a(-5). Let z(p) = 12 - v + 24 + 3*p + 5*p. What is the units digit of z(6)?
1
Let z = 588 - -403. What is the hundreds digit of z?
9
Suppose 5*b - 13 - 107 = 0. Suppose 4*g - 88 + b = 0. What is the units digit of g?
6
Let r be (-4)/(-8)*2 - 11/1. What is the units digit of (-1)/((2/(-4))/((-435)/r))?
7
Suppose -3*c - c = 0. Suppose 0 = -c*t + 3*t - 3*y - 450, -306 = -2*t - y. Let z = t - 108. What is the tens digit of z?
4
What is the units digit of (-28100)/(-21) - 356/3738?
8
Suppose 8*i - 3*i = 325. Let p = i + 4. What is the tens digit of p?
6
Let p(v) = 9*v - 9. Suppose 0*r - 3*r = -12. Let w = r + 3. What is the tens digit of p(w)?
5
Let n(v) = 5*v**2 + 3*v - 4. Let m be n(5). Suppose -5*i + 7*i - m = 0. Suppose 5*o + 2*k - i = 175, -3*o = -3*k - 150. What is the tens digit of o?
4
Let q be (10/(-2))/(30/(-36)). Suppose -x - q + 34 = 0. Suppose 0 = 3*p - x + 10. What is the units digit of p?
6
Suppose 8*w + 25461 = 31*w. What is the units digit of w?
7
Suppose -5*l + 2*l = 75. Let y = 25 + l. What is the tens digit of 22 - (y + 8/4)?
2
What is the hundreds digit of (-66)/(243/42 - 6)?
3
What is the units digit of (3315/170)/((-1)/(-26))?
7
Let w(y) = 122*y**2 - y + 6. Let f(b) = -b**2 - 1. Let j(m) = 5*f(m) + w(m). What is the units digit of j(1)?
7
Let w(p) be the first derivative of -7*p**2/2 + 5*p + 1. Let y be w(-3). Let h = y + 3. What is the units digit of h?
9
What is the units digit of 958/3 - (3 - 16/6)?
9
What is the hundreds digit of (-3594)/48*-4*2?
5
Let n(j) = -62*j**3 - 5*j**2 + 3*j + 19. What is the hundreds digit of n(-3)?
6
Suppose -4*t - 3*a + 995 = 0, 4*a - 7*a - 1264 = -5*t. What is the tens digit of t?
5
Let m = -200 - -117. Suppose 4*t = 3*s + 590, -s - 4*s + 606 = 4*t. Let x = m + t. What is the tens digit of x?
6
What is the tens digit of (5 + -6)/(3/(-1326))?
4
Let f = 437 - -1698. What is the units digit of f?
5
Let m = 57 - 33. Suppose 4*r = -20, -d - 3*r = r + m. What is the units digit of (-165)/(-105) + d/7?
1
Suppose 5*m + 116 = 16. Let n(w) = 8*w**2 - 5*w + 8. Let a be n(2). Let o = a + m. What is the tens digit of o?
1
Suppose 17 = 5*n - 3. Let r(z) = z + 5. Let b(v) = -v - 5. Let h(x) = n*r(x) + 3*b(x). What is the tens digit of h(11)?
1
What is the tens digit of 6035/15 + 4/(-12)?
0
Let n = 9008 + -4905. What is the hundreds digit of n?
1
Suppose -69 = -0*b - 3*b. Suppose 0 = 3*n - 218 + b. What is the units digit of n?
5
Let i(x) be the second derivative of -7*x**6/720 + x**4/12 - x. Let v(l) be the third derivative of i(l). What is the tens digit of v(-2)?
1
Suppose -2*r + 715 = -f, 2*r + 115*f - 118*f = 725. What is the units digit of r?
5
Let o(k) = k**2 + k - 6. Let u be o(-3). Suppose 5*c + 5*b -